{"id":524,"date":"2024-08-06T14:20:17","date_gmt":"2024-08-06T12:20:17","guid":{"rendered":"https:\/\/lacourdesmoines.com\/?page_id=524"},"modified":"2025-08-20T09:53:13","modified_gmt":"2025-08-20T07:53:13","slug":"infos-pratiques","status":"publish","type":"page","link":"https:\/\/lacourdesmoines.com\/?page_id=524","title":{"rendered":"Infos pratiques"},"content":{"rendered":"\n<p class=\"has-text-align-center\"><strong>D\u00e9but des cours \u00e0 partir du<br>lundi 15 septembre 202<\/strong>5<\/p>\n\n\n\n<p><\/p>\n\n\n\n<p><\/p>\n\n\n\n<p class=\"has-text-align-center\"><strong>Cours \u00e0 Chissey les M\u00e2con<\/strong><\/p>\n\n\n\n<p class=\"has-text-align-center\">Les lundis de 14h \u00e0 15h30<br>Les mardis de 18h \u00e0 19h30<br>Les mercredis de 14h \u00e0 15h30<br>Les jeudis de 10h \u00e0 11h30<br>Places limit\u00e9es, pr\u00e9-inscription conseill\u00e9e<\/p>\n\n\n\n<p class=\"has-text-align-center\">Tarif annuel pour les cours : 250 euros<br>1 cours hebdomadaire jusqu\u2019au 25 juin 2026.<br>Pas de cours pendant les vacances scolaires.<\/p>\n\n\n\n<p class=\"has-text-align-center\">Les cours ont lieu \u00e0 :<br>La Cour des Moines<br>Prayes &#8211; 71460 Chissey-l\u00e8s-Macon<\/p>\n\n\n\n<p><\/p>\n\n\n\n<p><\/p>\n\n\n\n<p class=\"has-text-align-center\"><strong>Cours \u00e0 Cluny<\/strong><\/p>\n\n\n\n<p class=\"has-text-align-center\">Les jeudis de 18h30 \u00e0 19h30<\/p>\n\n\n\n<p class=\"has-text-align-center\">Tarif annuel pour les cours : 200 euros<br>1 cours hebdomadaire jusqu\u2019au 25 juin 2026.<br>Pas de cours pendant les vacances scolaires.<\/p>\n\n\n\n<p class=\"has-text-align-center\">Les cours ont lieu \u00e0 :<br>Petite salle des Tanneries<br>3 rue des Tanneries, Cluny<\/p>\n\n\n\n<p><\/p>\n\n\n\n<p><\/p>\n\n\n\n<p class=\"has-text-align-center\"><strong>Cours \u00e0 Senozan<\/strong><\/p>\n\n\n\n<p class=\"has-text-align-center\">Les lundis de 18h30 \u00e0 19h30<\/p>\n\n\n\n<p class=\"has-text-align-center\">Tarif annuel pour les cours : 200 euros<br>1 cours hebdomadaire jusqu\u2019au 22 juin 2026.<br>Pas de cours pendant les vacances scolaires.<\/p>\n\n\n\n<p class=\"has-text-align-center\">Les cours ont lieu \u00e0 :<br>Mairie<br>Senozan<\/p>\n\n\n\n<p><\/p>\n\n\n\n<p><\/p>\n\n\n\n<p class=\"has-text-align-center\"><strong>Cours \u00e0 Saint Gengoux de Sciss\u00e9<\/strong><\/p>\n\n\n\n<p class=\"has-text-align-center\">Les mardis de 10h \u00e0 11 h<\/p>\n\n\n\n<p class=\"has-text-align-center\">Tarif annuel pour les cours : 200 euros<br>1 cours hebdomadaire jusqu\u2019au 23 juin 2026.<br>Pas de cours pendant les vacances scolaires.<\/p>\n\n\n\n<p class=\"has-text-align-center\">Les cours ont lieu \u00e0 :<br>Foyer Rural <br>Saint Gengoux de Sciss\u00e9<\/p>\n\n\n\n<p><\/p>\n\n\n\n<p class=\"has-text-align-center\"><\/p>\n\n\n\n<p class=\"has-text-align-center\"><strong>Cours \u00e0 Vir\u00e9<\/strong><\/p>\n\n\n\n<p class=\"has-text-align-center\">Les mercredis de 18h30 \u00e0 19h30<\/p>\n\n\n\n<p class=\"has-text-align-center\">Tarif annuel pour les cours : 200 euros<br>1 cours hebdomadaire jusqu\u2019au 24 juin 2026.<br>Pas de cours pendant les vacances scolaires<\/p>\n\n\n\n<p class=\"has-text-align-center\">Les cours ont lieu \u00e0 :<br>Foyer Rural <br>Vir\u00e9<br><\/p>\n\n\n\n<p><\/p>\n\n\n\n<p class=\"has-text-align-center\"><\/p>\n\n\n\n<p class=\"has-text-align-center\"><strong>Contact: 0674012004<br>lacourdesmoines@gmail.com<\/strong><\/p>\n\n\n\n<figure class=\"wp-block-gallery has-nested-images columns-default is-cropped wp-block-gallery-1 is-layout-flex wp-block-gallery-is-layout-flex\">\n<figure class=\"wp-block-image size-large\"><img decoding=\"async\" width=\"768\" height=\"1024\" data-id=\"681\" src=\"https:\/\/lacourdesmoines.com\/wp-content\/uploads\/2024\/09\/IMG_3002-768x1024.jpeg\" alt=\"\" class=\"wp-image-681\" srcset=\"https:\/\/lacourdesmoines.com\/wp-content\/uploads\/2024\/09\/IMG_3002-768x1024.jpeg 768w, https:\/\/lacourdesmoines.com\/wp-content\/uploads\/2024\/09\/IMG_3002-225x300.jpeg 225w, https:\/\/lacourdesmoines.com\/wp-content\/uploads\/2024\/09\/IMG_3002-1152x1536.jpeg 1152w, https:\/\/lacourdesmoines.com\/wp-content\/uploads\/2024\/09\/IMG_3002-1536x2048.jpeg 1536w, https:\/\/lacourdesmoines.com\/wp-content\/uploads\/2024\/09\/IMG_3002-scaled.jpeg 1920w\" sizes=\"(max-width: 768px) 100vw, 768px\" \/><\/figure>\n<\/figure>\n\n\n\n<figure class=\"wp-block-gallery has-nested-images columns-default is-cropped wp-block-gallery-2 is-layout-flex wp-block-gallery-is-layout-flex\"><\/figure>\n","protected":false},"excerpt":{"rendered":"<p>D\u00e9but des cours \u00e0 partir dulundi 15 septembre 2025 Cours \u00e0 Chissey les M\u00e2con Les lundis de 14h \u00e0 15h30Les mardis de 18h \u00e0 19h30Les mercredis de 14h \u00e0 15h30Les jeudis de 10h \u00e0 11h30Places limit\u00e9es, pr\u00e9-inscription conseill\u00e9e Tarif annuel pour les cours : 250 euros1 cours hebdomadaire jusqu\u2019au 25 juin 2026.Pas de cours pendant [&hellip;]<\/p>\n","protected":false},"author":1,"featured_media":0,"parent":0,"menu_order":0,"comment_status":"closed","ping_status":"closed","template":"","meta":{"footnotes":""},"class_list":["post-524","page","type-page","status-publish","hentry"],"_links":{"self":[{"href":"https:\/\/lacourdesmoines.com\/index.php?rest_route=\/wp\/v2\/pages\/524"}],"collection":[{"href":"https:\/\/lacourdesmoines.com\/index.php?rest_route=\/wp\/v2\/pages"}],"about":[{"href":"https:\/\/lacourdesmoines.com\/index.php?rest_route=\/wp\/v2\/types\/page"}],"author":[{"embeddable":true,"href":"https:\/\/lacourdesmoines.com\/index.php?rest_route=\/wp\/v2\/users\/1"}],"replies":[{"embeddable":true,"href":"https:\/\/lacourdesmoines.com\/index.php?rest_route=%2Fwp%2Fv2%2Fcomments&post=524"}],"version-history":[{"count":11,"href":"https:\/\/lacourdesmoines.com\/index.php?rest_route=\/wp\/v2\/pages\/524\/revisions"}],"predecessor-version":[{"id":701,"href":"https:\/\/lacourdesmoines.com\/index.php?rest_route=\/wp\/v2\/pages\/524\/revisions\/701"}],"wp:attachment":[{"href":"https:\/\/lacourdesmoines.com\/index.php?rest_route=%2Fwp%2Fv2%2Fmedia&parent=524"}],"curies":[{"name":"wp","href":"https:\/\/api.w.org\/{rel}","templated":true}]}}

<p class="has-text-align-center"><strong>Début des cours à partir du<br>lundi 15 septembre 202</strong>5</p>



<p></p>



<p></p>



<p class="has-text-align-center"><strong>Cours à Chissey les Mâcon</strong></p>



<p class="has-text-align-center">Les lundis de 14h à 15h30<br>Les mardis de 18h à 19h30<br>Les mercredis de 14h à 15h30<br>Les jeudis de 10h à 11h30<br>Places limitées, pré-inscription conseillée</p>



<p class="has-text-align-center">Tarif annuel pour les cours : 250 euros<br>1 cours hebdomadaire jusqu’au 25 juin 2026.<br>Pas de cours pendant les vacances scolaires.</p>



<p class="has-text-align-center">Les cours ont lieu à :<br>La Cour des Moines<br>Prayes &#8211; 71460 Chissey-lès-Macon</p>



<p></p>



<p></p>



<p class="has-text-align-center"><strong>Cours à Cluny</strong></p>



<p class="has-text-align-center">Les jeudis de 18h30 à 19h30</p>



<p class="has-text-align-center">Tarif annuel pour les cours : 200 euros<br>1 cours hebdomadaire jusqu’au 25 juin 2026.<br>Pas de cours pendant les vacances scolaires.</p>



<p class="has-text-align-center">Les cours ont lieu à :<br>Petite salle des Tanneries<br>3 rue des Tanneries, Cluny</p>



<p></p>



<p></p>



<p class="has-text-align-center"><strong>Cours à Senozan</strong></p>



<p class="has-text-align-center">Les lundis de 18h30 à 19h30</p>



<p class="has-text-align-center">Tarif annuel pour les cours : 200 euros<br>1 cours hebdomadaire jusqu’au 22 juin 2026.<br>Pas de cours pendant les vacances scolaires.</p>



<p class="has-text-align-center">Les cours ont lieu à :<br>Mairie<br>Senozan</p>



<p></p>



<p></p>



<p class="has-text-align-center"><strong>Cours à Saint Gengoux de Scissé</strong></p>



<p class="has-text-align-center">Les mardis de 10h à 11 h</p>



<p class="has-text-align-center">Tarif annuel pour les cours : 200 euros<br>1 cours hebdomadaire jusqu’au 23 juin 2026.<br>Pas de cours pendant les vacances scolaires.</p>



<p class="has-text-align-center">Les cours ont lieu à :<br>Foyer Rural <br>Saint Gengoux de Scissé</p>



<p></p>



<p class="has-text-align-center"></p>



<p class="has-text-align-center"><strong>Cours à Viré</strong></p>



<p class="has-text-align-center">Les mercredis de 18h30 à 19h30</p>



<p class="has-text-align-center">Tarif annuel pour les cours : 200 euros<br>1 cours hebdomadaire jusqu’au 24 juin 2026.<br>Pas de cours pendant les vacances scolaires</p>



<p class="has-text-align-center">Les cours ont lieu à :<br>Foyer Rural <br>Viré<br></p>



<p></p>



<p class="has-text-align-center"></p>



<p class="has-text-align-center"><strong>Contact: 0674012004<br>lacourdesmoines@gmail.com</strong></p>



<figure class="wp-block-gallery has-nested-images columns-default is-cropped wp-block-gallery-1 is-layout-flex wp-block-gallery-is-layout-flex">
<figure class="wp-block-image size-large"><img decoding="async" width="768" height="1024" data-id="681" src="https://lacourdesmoines.com/wp-content/uploads/2024/09/IMG_3002-768x1024.jpeg" alt="" class="wp-image-681" srcset="https://lacourdesmoines.com/wp-content/uploads/2024/09/IMG_3002-768x1024.jpeg 768w, https://lacourdesmoines.com/wp-content/uploads/2024/09/IMG_3002-225x300.jpeg 225w, https://lacourdesmoines.com/wp-content/uploads/2024/09/IMG_3002-1152x1536.jpeg 1152w, https://lacourdesmoines.com/wp-content/uploads/2024/09/IMG_3002-1536x2048.jpeg 1536w, https://lacourdesmoines.com/wp-content/uploads/2024/09/IMG_3002-scaled.jpeg 1920w" sizes="(max-width: 768px) 100vw, 768px" /></figure>
</figure>



<figure class="wp-block-gallery has-nested-images columns-default is-cropped wp-block-gallery-2 is-layout-flex wp-block-gallery-is-layout-flex"></figure>

<p>Début des cours à partir dulundi 15 septembre 2025 Cours à Chissey les Mâcon Les lundis de 14h à 15h30Les mardis de 18h à 19h30Les mercredis de 14h à 15h30Les jeudis de 10h à 11h30Places limitées, pré-inscription conseillée Tarif annuel pour les cours : 250 euros1 cours hebdomadaire jusqu’au 25 juin 2026.Pas de cours pendant [&hellip;]</p>
